{"id":3,"date":"2021-01-30T15:24:33","date_gmt":"2021-01-30T14:24:33","guid":{"rendered":"http:\/\/pelotes-bobines-et-paillettes.fr\/?page_id=3"},"modified":"2021-06-23T15:59:06","modified_gmt":"2021-06-23T14:59:06","slug":"bonne-couturiere","status":"publish","type":"page","link":"https:\/\/pelotes-bobines-et-paillettes.fr\/index.php\/bonne-couturiere\/","title":{"rendered":"Page de Confidentialit\u00e9"},"content":{"rendered":"\n<h2 class=\"wp-block-heading\"><span class=\"ez-toc-section\" id=\"bonne_couturiere_gers\"><\/span>bonne couturiere gers?<span class=\"ez-toc-section-end\"><\/span><\/h2><div id=\"ez-toc-container\" class=\"ez-toc-v2_0_82_2 counter-hierarchy ez-toc-counter ez-toc-custom ez-toc-container-direction\">\n<p class=\"ez-toc-title\" style=\"cursor:inherit\">Sommaire<\/p>\n<label for=\"ez-toc-cssicon-toggle-item-69d96755582d8\" class=\"ez-toc-cssicon-toggle-label\"><span class=\"\"><span class=\"eztoc-hide\" style=\"display:none;\">Toggle<\/span><span class=\"ez-toc-icon-toggle-span\"><svg style=\"fill: #009e83;color:#009e83\" xmlns=\"http:\/\/www.w3.org\/2000\/svg\" class=\"list-377408\" width=\"20px\" height=\"20px\" viewBox=\"0 0 24 24\" fill=\"none\"><path d=\"M6 6H4v2h2V6zm14 0H8v2h12V6zM4 11h2v2H4v-2zm16 0H8v2h12v-2zM4 16h2v2H4v-2zm16 0H8v2h12v-2z\" fill=\"currentColor\"><\/path><\/svg><svg style=\"fill: #009e83;color:#009e83\" class=\"arrow-unsorted-368013\" xmlns=\"http:\/\/www.w3.org\/2000\/svg\" width=\"10px\" height=\"10px\" viewBox=\"0 0 24 24\" version=\"1.2\" baseProfile=\"tiny\"><path d=\"M18.2 9.3l-6.2-6.3-6.2 6.3c-.2.2-.3.4-.3.7s.1.5.3.7c.2.2.4.3.7.3h11c.3 0 .5-.1.7-.3.2-.2.3-.5.3-.7s-.1-.5-.3-.7zM5.8 14.7l6.2 6.3 6.2-6.3c.2-.2.3-.5.3-.7s-.1-.5-.3-.7c-.2-.2-.4-.3-.7-.3h-11c-.3 0-.5.1-.7.3-.2.2-.3.5-.3.7s.1.5.3.7z\"\/><\/svg><\/span><\/span><\/label><input type=\"checkbox\"  id=\"ez-toc-cssicon-toggle-item-69d96755582d8\"  aria-label=\"Toggle\" \/><nav><ul class='ez-toc-list ez-toc-list-level-1 ' ><li class='ez-toc-page-1 ez-toc-heading-level-2'><a class=\"ez-toc-link ez-toc-heading-1\" href=\"https:\/\/pelotes-bobines-et-paillettes.fr\/index.php\/bonne-couturiere\/#bonne_couturiere_gers\" >bonne couturiere gers?<\/a><\/li><li class='ez-toc-page-1 ez-toc-heading-level-2'><a class=\"ez-toc-link ez-toc-heading-2\" href=\"https:\/\/pelotes-bobines-et-paillettes.fr\/index.php\/bonne-couturiere\/#Qui_sommes-nous\" >Qui sommes-nous&nbsp;?<\/a><\/li><li class='ez-toc-page-1 ez-toc-heading-level-2'><a class=\"ez-toc-link ez-toc-heading-3\" href=\"https:\/\/pelotes-bobines-et-paillettes.fr\/index.php\/bonne-couturiere\/#Utilisation_des_donnees_personnelles_collectees\" >Utilisation des donn\u00e9es personnelles collect\u00e9es<\/a><\/li><li class='ez-toc-page-1 ez-toc-heading-level-2'><a class=\"ez-toc-link ez-toc-heading-4\" href=\"https:\/\/pelotes-bobines-et-paillettes.fr\/index.php\/bonne-couturiere\/#Durees_de_stockage_de_vos_donnees\" >Dur\u00e9es de stockage de vos donn\u00e9es<\/a><\/li><li class='ez-toc-page-1 ez-toc-heading-level-2'><a class=\"ez-toc-link ez-toc-heading-5\" href=\"https:\/\/pelotes-bobines-et-paillettes.fr\/index.php\/bonne-couturiere\/#Les_droits_que_vous_avez_sur_vos_donnees\" >Les droits que vous avez sur vos donn\u00e9es<\/a><\/li><li class='ez-toc-page-1 ez-toc-heading-level-2'><a class=\"ez-toc-link ez-toc-heading-6\" href=\"https:\/\/pelotes-bobines-et-paillettes.fr\/index.php\/bonne-couturiere\/#Transmission_de_vos_donnees_personnelles\" >Transmission de vos donn\u00e9es personnelles<\/a><\/li><li class='ez-toc-page-1 ez-toc-heading-level-2'><a class=\"ez-toc-link ez-toc-heading-7\" href=\"https:\/\/pelotes-bobines-et-paillettes.fr\/index.php\/bonne-couturiere\/#bonne_couturiere_gers_vous_remercie_de_votre_visite\" >bonne couturiere gers vous remercie de votre visite<\/a><\/li><\/ul><\/nav><\/div>\n\n\n\n\n<p>Vous cherchez une bonne couturiere , nous sommes l\u00e0 pour vous. Surtout suivez notre actualit\u00e9 sur le <a href=\"https:\/\/pelotes-bobines-et-paillettes.fr\/index.php\/blog-couture-gers\/\">BLOG<\/a><\/p>\n\n\n\n<h2 class=\"wp-block-heading\"><span class=\"ez-toc-section\" id=\"Qui_sommes-nous\"><\/span>Qui sommes-nous&nbsp;?<span class=\"ez-toc-section-end\"><\/span><\/h2>\n\n\n\n<p>L\u2019adresse de notre site Web est&nbsp;: https:\/\/pelotes-bobines-et-paillettes.fr.  Notre site est h\u00e9berg\u00e9 par <a href=\"https:\/\/www.ovh.com\/fr\/\" target=\"_blank\" rel=\"noreferrer noopener\">OVH<\/a><\/p>\n\n\n\n<h2 class=\"wp-block-heading\"><span class=\"ez-toc-section\" id=\"Utilisation_des_donnees_personnelles_collectees\"><\/span>Utilisation des donn\u00e9es personnelles collect\u00e9es<span class=\"ez-toc-section-end\"><\/span><\/h2>\n\n\n\n<h3 class=\"wp-block-heading\">Commentaires<\/h3>\n\n\n\n<p>Quand vous laissez un commentaire sur notre site web, les donn\u00e9es inscrites dans le formulaire de commentaire. Mais nous collectons aussi votre adresse IP et l\u2019agent utilisateur de votre navigateur pour nous aider \u00e0 la d\u00e9tection des commentaires ind\u00e9sirables.<\/p>\n\n\n\n<h3 class=\"wp-block-heading\">M\u00e9dias<\/h3>\n\n\n\n<p>Si vous \u00eates un utilisateur ou une utilisatrice enregistr\u00e9\u00b7e et que vous t\u00e9l\u00e9versez des images sur le site web. Alors nous vous conseillons d\u2019\u00e9viter de t\u00e9l\u00e9verser des images contenant des donn\u00e9es EXIF de coordonn\u00e9es GPS. Les visiteurs de votre site web peuvent t\u00e9l\u00e9charger et extraire des donn\u00e9es de localisation depuis ces images.<\/p>\n\n\n\n<h3 class=\"wp-block-heading\">Cookies de Pelotes Bobines et Paillettes <\/h3>\n\n\n\n<p>Si vous d\u00e9posez un commentaire sur notre site, il vous sera propos\u00e9 d\u2019enregistrer votre nom, adresse de messagerie et site web dans des cookies. Nous faisons cela pour votre confort. Afin que nous n&rsquo;ayons pas \u00e0 saisir ces informations si vous d\u00e9posez un autre commentaire plus tard. Ces cookies expirent au bout d\u2019un an dans notre site.<\/p>\n\n\n\n<p>Si vous vous rendez sur la page de connexion, un cookie temporaire sera cr\u00e9\u00e9 afin de d\u00e9terminer si votre navigateur accepte les cookies. Il ne contient pas de donn\u00e9es personnelles et nous  le supprimerons automatiquement \u00e0 la fermeture de votre navigateur.<\/p>\n\n\n\n<p>Lorsque vous vous connecterez, nous mettrons en place un certain nombre de cookies pour enregistrer vos informations de connexion et vos pr\u00e9f\u00e9rences d\u2019\u00e9cran. La dur\u00e9e de vie d\u2019un cookie de connexion est de deux jours, celle d\u2019un cookie d\u2019option d\u2019\u00e9cran est d\u2019un an. Si vous cochez \u00ab&nbsp;Se souvenir de moi&nbsp;\u00bb, votre cookie de connexion sera conserv\u00e9 pendant deux semaines. Si vous vous d\u00e9connectez de votre compte, le cookie de connexion sera effac\u00e9.<\/p>\n\n\n\n<p>En modifiant ou en publiant une publication, nous enregistrons un cookie suppl\u00e9mentaire dans votre navigateur. Ce cookie ne comprend aucune donn\u00e9e personnelle. Il nous  indique simplement l\u2019ID de la publication que vous venez de modifier. Il expire au bout d\u2019un jour.<\/p>\n\n\n\n<h3 class=\"wp-block-heading\">Contenu embarqu\u00e9 depuis d\u2019autres sites<\/h3>\n\n\n\n<p>Les articles de ce site peuvent inclure des contenus int\u00e9gr\u00e9s (par exemple des vid\u00e9os, images, articles\u2026). Le contenu int\u00e9gr\u00e9 depuis d\u2019autres sites se comporte de la m\u00eame mani\u00e8re que si le visiteur se rendait sur cet autre site.<\/p>\n\n\n\n<p>Ces sites web pourraient collecter des donn\u00e9es sur vous, utiliser des cookies, embarquer des outils de suivis tiers, suivre vos interactions avec ces contenus embarqu\u00e9s si vous disposez d\u2019un compte connect\u00e9 sur leur site web.<\/p>\n\n\n\n<h2 class=\"wp-block-heading\"><span class=\"ez-toc-section\" id=\"Durees_de_stockage_de_vos_donnees\"><\/span>Dur\u00e9es de stockage de vos donn\u00e9es<span class=\"ez-toc-section-end\"><\/span><\/h2>\n\n\n\n<p>Si vous laissez un commentaire, le commentaire et ses m\u00e9tadonn\u00e9es sont conserv\u00e9s ind\u00e9finiment. Cela nous  permet de reconna\u00eetre et approuver automatiquement les commentaires suivants. Nous \u00e9vitons ainsi de les laisser dans la file de mod\u00e9ration.<\/p>\n\n\n\n<p>Pour les utilisateurs et utilisatrices qui s\u2019inscrivent sur notre site (si cela est possible), nous stockons \u00e9galement les donn\u00e9es personnelles indiqu\u00e9es dans leur profil. Tous les utilisateurs et utilisatrices peuvent voir, modifier ou supprimer leurs informations personnelles \u00e0 tout moment (\u00e0 l\u2019exception de leur nom d\u2019utilisateur\u00b7ice). Nous gestionnaires du site pouvons aussi voir et modifier ces informations.<\/p>\n\n\n\n<h2 class=\"wp-block-heading\"><span class=\"ez-toc-section\" id=\"Les_droits_que_vous_avez_sur_vos_donnees\"><\/span>Les droits que vous avez sur vos donn\u00e9es<span class=\"ez-toc-section-end\"><\/span><\/h2>\n\n\n\n<p>Si vous avez un compte ou si vous avez laiss\u00e9 des commentaires sur le site. Alors vous pouvez demander \u00e0 recevoir un fichier contenant toutes les donn\u00e9es personnelles. Toutes celles que nous poss\u00e9dons \u00e0 votre sujet, incluant celles que vous nous avez fournies. Vous pouvez \u00e9galement demander la suppression des donn\u00e9es personnelles vous concernant. Cela ne prend pas en compte les donn\u00e9es que nous stockons \u00e0 des fins administratives, l\u00e9gales ou pour des raisons de s\u00e9curit\u00e9.<\/p>\n\n\n\n<h2 class=\"wp-block-heading\"><span class=\"ez-toc-section\" id=\"Transmission_de_vos_donnees_personnelles\"><\/span>Transmission de vos donn\u00e9es personnelles<span class=\"ez-toc-section-end\"><\/span><\/h2>\n\n\n\n<p>Vos donn\u00e9es ne seront envoy\u00e9es \u00e0 personne et elles resteront sur la base de donn\u00e9e de notre site. Ce tant que vous ne nous aurez pas demand\u00e9 de les supprimer.<\/p>\n\n\n\n<h3 class=\"wp-block-heading\">Une bonne couturiere vous accueille dans le Gers \u00e0 Seissan<\/h3>\n\n\n\n<figure class=\"wp-block-image size-large is-resized\"><img loading=\"lazy\" decoding=\"async\" src=\"https:\/\/pelotes-bobines-et-paillettes.fr\/wp-content\/uploads\/2021\/04\/EA1244BA-64D1-4885-8A56-B9D5EF7D1ECC-1024x1024.jpg\" alt=\"bonne couturiere Sandrine Datas\" class=\"wp-image-967\" width=\"317\" height=\"317\" srcset=\"https:\/\/pelotes-bobines-et-paillettes.fr\/wp-content\/uploads\/2021\/04\/EA1244BA-64D1-4885-8A56-B9D5EF7D1ECC-1024x1024.jpg 1024w, https:\/\/pelotes-bobines-et-paillettes.fr\/wp-content\/uploads\/2021\/04\/EA1244BA-64D1-4885-8A56-B9D5EF7D1ECC-300x300.jpg 300w, https:\/\/pelotes-bobines-et-paillettes.fr\/wp-content\/uploads\/2021\/04\/EA1244BA-64D1-4885-8A56-B9D5EF7D1ECC-100x100.jpg 100w, https:\/\/pelotes-bobines-et-paillettes.fr\/wp-content\/uploads\/2021\/04\/EA1244BA-64D1-4885-8A56-B9D5EF7D1ECC-600x600.jpg 600w, https:\/\/pelotes-bobines-et-paillettes.fr\/wp-content\/uploads\/2021\/04\/EA1244BA-64D1-4885-8A56-B9D5EF7D1ECC-150x150.jpg 150w, https:\/\/pelotes-bobines-et-paillettes.fr\/wp-content\/uploads\/2021\/04\/EA1244BA-64D1-4885-8A56-B9D5EF7D1ECC-768x768.jpg 768w, https:\/\/pelotes-bobines-et-paillettes.fr\/wp-content\/uploads\/2021\/04\/EA1244BA-64D1-4885-8A56-B9D5EF7D1ECC-1536x1536.jpg 1536w, https:\/\/pelotes-bobines-et-paillettes.fr\/wp-content\/uploads\/2021\/04\/EA1244BA-64D1-4885-8A56-B9D5EF7D1ECC.jpg 2048w, https:\/\/pelotes-bobines-et-paillettes.fr\/wp-content\/uploads\/2021\/04\/EA1244BA-64D1-4885-8A56-B9D5EF7D1ECC-270x270.jpg 270w, https:\/\/pelotes-bobines-et-paillettes.fr\/wp-content\/uploads\/2021\/04\/EA1244BA-64D1-4885-8A56-B9D5EF7D1ECC-230x230.jpg 230w, https:\/\/pelotes-bobines-et-paillettes.fr\/wp-content\/uploads\/2021\/04\/EA1244BA-64D1-4885-8A56-B9D5EF7D1ECC-1320x1320.jpg 1320w\" sizes=\"auto, (max-width: 317px) 100vw, 317px\" \/><\/figure>\n\n\n\n<p>En tant que bonne couturiere et titulaire du CAP mmvf Sandrine Datas vous attend dans son atelier mercerie. <\/p>\n\n\n\n<h2 class=\"wp-block-heading\"><span class=\"ez-toc-section\" id=\"bonne_couturiere_gers_vous_remercie_de_votre_visite\"><\/span>bonne couturiere gers vous remercie de votre visite<span class=\"ez-toc-section-end\"><\/span><\/h2>\n","protected":false},"excerpt":{"rendered":"<p>bonne couturiere gers? Vous cherchez une bonne couturiere , nous sommes l\u00e0 pour vous. Surtout suivez notre actualit\u00e9 sur le BLOG Qui sommes-nous&nbsp;? L\u2019adresse de notre site Web est&nbsp;: https:\/\/pelotes-bobines-et-paillettes.fr. Notre site est h\u00e9berg\u00e9 par OVH Utilisation des donn\u00e9es personnelles<\/p>\n","protected":false},"author":1,"featured_media":0,"parent":0,"menu_order":0,"comment_status":"closed","ping_status":"open","template":"","meta":{"_uag_custom_page_level_css":"","footnotes":""},"class_list":["post-3","page","type-page","status-publish","hentry"],"featured_image_urls_v2":{"full":"","thumbnail":"","medium":"","medium_large":"","large":"","1536x1536":"","2048x2048":"","featured-blog-large":"","featured-blog-medium":"","featured":"","featured-blog-medium-small":""},"post_excerpt_stackable_v2":"<p>bonne couturiere gers? Sommaire Togglebonne couturiere gers?Qui sommes-nous&nbsp;?Utilisation des donn\u00e9es personnelles collect\u00e9esDur\u00e9es de stockage de vos donn\u00e9esLes droits que vous avez sur vos donn\u00e9esTransmission de vos donn\u00e9es personnellesbonne couturiere gers vous remercie de votre visite Vous cherchez une bonne couturiere , nous sommes l\u00e0 pour vous. Surtout suivez notre actualit\u00e9 sur le BLOG Qui sommes-nous&nbsp;? L\u2019adresse de notre site Web est&nbsp;: https:\/\/pelotes-bobines-et-paillettes.fr. Notre site est h\u00e9berg\u00e9 par OVH Utilisation des donn\u00e9es personnelles collect\u00e9es Commentaires Quand vous laissez un commentaire sur notre site web, les donn\u00e9es inscrites dans le formulaire de commentaire. Mais nous collectons aussi votre adresse IP et l\u2019agent\u2026<\/p>\n","category_list_v2":"","author_info_v2":{"name":"Sd32admin260","url":"https:\/\/pelotes-bobines-et-paillettes.fr\/index.php\/author\/sd32admin260\/"},"comments_num_v2":"0 commentaire","yoast_head":"<!-- This site is optimized with the Yoast SEO plugin v27.3 - https:\/\/yoast.com\/product\/yoast-seo-wordpress\/ -->\n<title>bonne couturiere Gers Seissan - Cours - Page de Confidentialit\u00e9<\/title>\n<meta name=\"description\" content=\"bonne couturiere, Sandrine Datas Anime aussi des cours de couture et loue des machines dans sa mercerie salon de th\u00e9 sur Seissan\" \/>\n<meta name=\"robots\" content=\"index, follow, max-snippet:-1, max-image-preview:large, max-video-preview:-1\" \/>\n<link rel=\"canonical\" href=\"https:\/\/pelotes-bobines-et-paillettes.fr\/index.php\/bonne-couturiere\/\" \/>\n<meta property=\"og:locale\" content=\"fr_FR\" \/>\n<meta property=\"og:type\" content=\"article\" \/>\n<meta property=\"og:title\" content=\"bonne couturiere Gers Seissan - Cours - Page de Confidentialit\u00e9\" \/>\n<meta property=\"og:description\" content=\"bonne couturiere, Sandrine Datas Anime aussi des cours de couture et loue des machines dans sa mercerie salon de th\u00e9 sur Seissan\" \/>\n<meta property=\"og:url\" content=\"https:\/\/pelotes-bobines-et-paillettes.fr\/index.php\/bonne-couturiere\/\" \/>\n<meta property=\"og:site_name\" content=\"Pelotes Bobines et Paillettes\" \/>\n<meta property=\"article:modified_time\" content=\"2021-06-23T14:59:06+00:00\" \/>\n<meta property=\"og:image\" content=\"https:\/\/pelotes-bobines-et-paillettes.fr\/wp-content\/uploads\/2021\/04\/EA1244BA-64D1-4885-8A56-B9D5EF7D1ECC-1024x1024.jpg\" \/>\n<meta name=\"twitter:card\" content=\"summary_large_image\" \/>\n<meta name=\"twitter:label1\" content=\"Dur\u00e9e de lecture estim\u00e9e\" \/>\n\t<meta name=\"twitter:data1\" content=\"4 minutes\" \/>\n<script type=\"application\/ld+json\" class=\"yoast-schema-graph\">{\"@context\":\"https:\\\/\\\/schema.org\",\"@graph\":[{\"@type\":\"WebPage\",\"@id\":\"https:\\\/\\\/pelotes-bobines-et-paillettes.fr\\\/index.php\\\/bonne-couturiere\\\/\",\"url\":\"https:\\\/\\\/pelotes-bobines-et-paillettes.fr\\\/index.php\\\/bonne-couturiere\\\/\",\"name\":\"bonne couturiere Gers Seissan - Cours - Page de Confidentialit\u00e9\",\"isPartOf\":{\"@id\":\"https:\\\/\\\/pelotes-bobines-et-paillettes.fr\\\/#website\"},\"primaryImageOfPage\":{\"@id\":\"https:\\\/\\\/pelotes-bobines-et-paillettes.fr\\\/index.php\\\/bonne-couturiere\\\/#primaryimage\"},\"image\":{\"@id\":\"https:\\\/\\\/pelotes-bobines-et-paillettes.fr\\\/index.php\\\/bonne-couturiere\\\/#primaryimage\"},\"thumbnailUrl\":\"https:\\\/\\\/pelotes-bobines-et-paillettes.fr\\\/wp-content\\\/uploads\\\/2021\\\/04\\\/EA1244BA-64D1-4885-8A56-B9D5EF7D1ECC-1024x1024.jpg\",\"datePublished\":\"2021-01-30T14:24:33+00:00\",\"dateModified\":\"2021-06-23T14:59:06+00:00\",\"description\":\"bonne couturiere, Sandrine Datas Anime aussi des cours de couture et loue des machines dans sa mercerie salon de th\u00e9 sur Seissan\",\"breadcrumb\":{\"@id\":\"https:\\\/\\\/pelotes-bobines-et-paillettes.fr\\\/index.php\\\/bonne-couturiere\\\/#breadcrumb\"},\"inLanguage\":\"fr-FR\",\"potentialAction\":[{\"@type\":\"ReadAction\",\"target\":[\"https:\\\/\\\/pelotes-bobines-et-paillettes.fr\\\/index.php\\\/bonne-couturiere\\\/\"]}]},{\"@type\":\"ImageObject\",\"inLanguage\":\"fr-FR\",\"@id\":\"https:\\\/\\\/pelotes-bobines-et-paillettes.fr\\\/index.php\\\/bonne-couturiere\\\/#primaryimage\",\"url\":\"https:\\\/\\\/pelotes-bobines-et-paillettes.fr\\\/wp-content\\\/uploads\\\/2021\\\/04\\\/EA1244BA-64D1-4885-8A56-B9D5EF7D1ECC.jpg\",\"contentUrl\":\"https:\\\/\\\/pelotes-bobines-et-paillettes.fr\\\/wp-content\\\/uploads\\\/2021\\\/04\\\/EA1244BA-64D1-4885-8A56-B9D5EF7D1ECC.jpg\",\"width\":2048,\"height\":2048,\"caption\":\"bonne couturiere Sandrine Datas\"},{\"@type\":\"BreadcrumbList\",\"@id\":\"https:\\\/\\\/pelotes-bobines-et-paillettes.fr\\\/index.php\\\/bonne-couturiere\\\/#breadcrumb\",\"itemListElement\":[{\"@type\":\"ListItem\",\"position\":1,\"name\":\"Accueil\",\"item\":\"https:\\\/\\\/pelotes-bobines-et-paillettes.fr\\\/\"},{\"@type\":\"ListItem\",\"position\":2,\"name\":\"Page de Confidentialit\u00e9\"}]},{\"@type\":\"WebSite\",\"@id\":\"https:\\\/\\\/pelotes-bobines-et-paillettes.fr\\\/#website\",\"url\":\"https:\\\/\\\/pelotes-bobines-et-paillettes.fr\\\/\",\"name\":\"Pelotes Bobines et Paillettes\",\"description\":\"La mercerie qui met des paillettes dans votre vie !\",\"publisher\":{\"@id\":\"https:\\\/\\\/pelotes-bobines-et-paillettes.fr\\\/#\\\/schema\\\/person\\\/70ca32fb0aa7d4ef7fcaffac2b7bc3eb\"},\"potentialAction\":[{\"@type\":\"SearchAction\",\"target\":{\"@type\":\"EntryPoint\",\"urlTemplate\":\"https:\\\/\\\/pelotes-bobines-et-paillettes.fr\\\/?s={search_term_string}\"},\"query-input\":{\"@type\":\"PropertyValueSpecification\",\"valueRequired\":true,\"valueName\":\"search_term_string\"}}],\"inLanguage\":\"fr-FR\"},{\"@type\":[\"Person\",\"Organization\"],\"@id\":\"https:\\\/\\\/pelotes-bobines-et-paillettes.fr\\\/#\\\/schema\\\/person\\\/70ca32fb0aa7d4ef7fcaffac2b7bc3eb\",\"name\":\"Sd32admin260\",\"image\":{\"@type\":\"ImageObject\",\"inLanguage\":\"fr-FR\",\"@id\":\"https:\\\/\\\/pelotes-bobines-et-paillettes.fr\\\/wp-content\\\/uploads\\\/2021\\\/02\\\/cropped-caticorne-aqua500x500.gif\",\"url\":\"https:\\\/\\\/pelotes-bobines-et-paillettes.fr\\\/wp-content\\\/uploads\\\/2021\\\/02\\\/cropped-caticorne-aqua500x500.gif\",\"contentUrl\":\"https:\\\/\\\/pelotes-bobines-et-paillettes.fr\\\/wp-content\\\/uploads\\\/2021\\\/02\\\/cropped-caticorne-aqua500x500.gif\",\"width\":500,\"height\":500,\"caption\":\"Sd32admin260\"},\"logo\":{\"@id\":\"https:\\\/\\\/pelotes-bobines-et-paillettes.fr\\\/wp-content\\\/uploads\\\/2021\\\/02\\\/cropped-caticorne-aqua500x500.gif\"},\"sameAs\":[\"http:\\\/\\\/pelotes-bobines-et-paillettes.fr\"]}]}<\/script>\n<!-- \/ Yoast SEO plugin. -->","yoast_head_json":{"title":"bonne couturiere Gers Seissan - Cours - Page de Confidentialit\u00e9","description":"bonne couturiere, Sandrine Datas Anime aussi des cours de couture et loue des machines dans sa mercerie salon de th\u00e9 sur Seissan","robots":{"index":"index","follow":"follow","max-snippet":"max-snippet:-1","max-image-preview":"max-image-preview:large","max-video-preview":"max-video-preview:-1"},"canonical":"https:\/\/pelotes-bobines-et-paillettes.fr\/index.php\/bonne-couturiere\/","og_locale":"fr_FR","og_type":"article","og_title":"bonne couturiere Gers Seissan - Cours - Page de Confidentialit\u00e9","og_description":"bonne couturiere, Sandrine Datas Anime aussi des cours de couture et loue des machines dans sa mercerie salon de th\u00e9 sur Seissan","og_url":"https:\/\/pelotes-bobines-et-paillettes.fr\/index.php\/bonne-couturiere\/","og_site_name":"Pelotes Bobines et Paillettes","article_modified_time":"2021-06-23T14:59:06+00:00","og_image":[{"url":"https:\/\/pelotes-bobines-et-paillettes.fr\/wp-content\/uploads\/2021\/04\/EA1244BA-64D1-4885-8A56-B9D5EF7D1ECC-1024x1024.jpg","type":"","width":"","height":""}],"twitter_card":"summary_large_image","twitter_misc":{"Dur\u00e9e de lecture estim\u00e9e":"4 minutes"},"schema":{"@context":"https:\/\/schema.org","@graph":[{"@type":"WebPage","@id":"https:\/\/pelotes-bobines-et-paillettes.fr\/index.php\/bonne-couturiere\/","url":"https:\/\/pelotes-bobines-et-paillettes.fr\/index.php\/bonne-couturiere\/","name":"bonne couturiere Gers Seissan - Cours - Page de Confidentialit\u00e9","isPartOf":{"@id":"https:\/\/pelotes-bobines-et-paillettes.fr\/#website"},"primaryImageOfPage":{"@id":"https:\/\/pelotes-bobines-et-paillettes.fr\/index.php\/bonne-couturiere\/#primaryimage"},"image":{"@id":"https:\/\/pelotes-bobines-et-paillettes.fr\/index.php\/bonne-couturiere\/#primaryimage"},"thumbnailUrl":"https:\/\/pelotes-bobines-et-paillettes.fr\/wp-content\/uploads\/2021\/04\/EA1244BA-64D1-4885-8A56-B9D5EF7D1ECC-1024x1024.jpg","datePublished":"2021-01-30T14:24:33+00:00","dateModified":"2021-06-23T14:59:06+00:00","description":"bonne couturiere, Sandrine Datas Anime aussi des cours de couture et loue des machines dans sa mercerie salon de th\u00e9 sur Seissan","breadcrumb":{"@id":"https:\/\/pelotes-bobines-et-paillettes.fr\/index.php\/bonne-couturiere\/#breadcrumb"},"inLanguage":"fr-FR","potentialAction":[{"@type":"ReadAction","target":["https:\/\/pelotes-bobines-et-paillettes.fr\/index.php\/bonne-couturiere\/"]}]},{"@type":"ImageObject","inLanguage":"fr-FR","@id":"https:\/\/pelotes-bobines-et-paillettes.fr\/index.php\/bonne-couturiere\/#primaryimage","url":"https:\/\/pelotes-bobines-et-paillettes.fr\/wp-content\/uploads\/2021\/04\/EA1244BA-64D1-4885-8A56-B9D5EF7D1ECC.jpg","contentUrl":"https:\/\/pelotes-bobines-et-paillettes.fr\/wp-content\/uploads\/2021\/04\/EA1244BA-64D1-4885-8A56-B9D5EF7D1ECC.jpg","width":2048,"height":2048,"caption":"bonne couturiere Sandrine Datas"},{"@type":"BreadcrumbList","@id":"https:\/\/pelotes-bobines-et-paillettes.fr\/index.php\/bonne-couturiere\/#breadcrumb","itemListElement":[{"@type":"ListItem","position":1,"name":"Accueil","item":"https:\/\/pelotes-bobines-et-paillettes.fr\/"},{"@type":"ListItem","position":2,"name":"Page de Confidentialit\u00e9"}]},{"@type":"WebSite","@id":"https:\/\/pelotes-bobines-et-paillettes.fr\/#website","url":"https:\/\/pelotes-bobines-et-paillettes.fr\/","name":"Pelotes Bobines et Paillettes","description":"La mercerie qui met des paillettes dans votre vie !","publisher":{"@id":"https:\/\/pelotes-bobines-et-paillettes.fr\/#\/schema\/person\/70ca32fb0aa7d4ef7fcaffac2b7bc3eb"},"potentialAction":[{"@type":"SearchAction","target":{"@type":"EntryPoint","urlTemplate":"https:\/\/pelotes-bobines-et-paillettes.fr\/?s={search_term_string}"},"query-input":{"@type":"PropertyValueSpecification","valueRequired":true,"valueName":"search_term_string"}}],"inLanguage":"fr-FR"},{"@type":["Person","Organization"],"@id":"https:\/\/pelotes-bobines-et-paillettes.fr\/#\/schema\/person\/70ca32fb0aa7d4ef7fcaffac2b7bc3eb","name":"Sd32admin260","image":{"@type":"ImageObject","inLanguage":"fr-FR","@id":"https:\/\/pelotes-bobines-et-paillettes.fr\/wp-content\/uploads\/2021\/02\/cropped-caticorne-aqua500x500.gif","url":"https:\/\/pelotes-bobines-et-paillettes.fr\/wp-content\/uploads\/2021\/02\/cropped-caticorne-aqua500x500.gif","contentUrl":"https:\/\/pelotes-bobines-et-paillettes.fr\/wp-content\/uploads\/2021\/02\/cropped-caticorne-aqua500x500.gif","width":500,"height":500,"caption":"Sd32admin260"},"logo":{"@id":"https:\/\/pelotes-bobines-et-paillettes.fr\/wp-content\/uploads\/2021\/02\/cropped-caticorne-aqua500x500.gif"},"sameAs":["http:\/\/pelotes-bobines-et-paillettes.fr"]}]}},"uagb_featured_image_src":{"full":false,"thumbnail":false,"medium":false,"medium_large":false,"large":false,"1536x1536":false,"2048x2048":false,"featured-blog-large":false,"featured-blog-medium":false,"featured":false,"featured-blog-medium-small":false},"uagb_author_info":{"display_name":"Sd32admin260","author_link":"https:\/\/pelotes-bobines-et-paillettes.fr\/index.php\/author\/sd32admin260\/"},"uagb_comment_info":0,"uagb_excerpt":"bonne couturiere gers? Vous cherchez une bonne couturiere , nous sommes l\u00e0 pour vous. Surtout suivez notre actualit\u00e9 sur le BLOG Qui sommes-nous&nbsp;? L\u2019adresse de notre site Web est&nbsp;: https:\/\/pelotes-bobines-et-paillettes.fr. Notre site est h\u00e9berg\u00e9 par OVH Utilisation des donn\u00e9es personnelles","_links":{"self":[{"href":"https:\/\/pelotes-bobines-et-paillettes.fr\/index.php\/wp-json\/wp\/v2\/pages\/3","targetHints":{"allow":["GET"]}}],"collection":[{"href":"https:\/\/pelotes-bobines-et-paillettes.fr\/index.php\/wp-json\/wp\/v2\/pages"}],"about":[{"href":"https:\/\/pelotes-bobines-et-paillettes.fr\/index.php\/wp-json\/wp\/v2\/types\/page"}],"author":[{"embeddable":true,"href":"https:\/\/pelotes-bobines-et-paillettes.fr\/index.php\/wp-json\/wp\/v2\/users\/1"}],"replies":[{"embeddable":true,"href":"https:\/\/pelotes-bobines-et-paillettes.fr\/index.php\/wp-json\/wp\/v2\/comments?post=3"}],"version-history":[{"count":4,"href":"https:\/\/pelotes-bobines-et-paillettes.fr\/index.php\/wp-json\/wp\/v2\/pages\/3\/revisions"}],"predecessor-version":[{"id":1343,"href":"https:\/\/pelotes-bobines-et-paillettes.fr\/index.php\/wp-json\/wp\/v2\/pages\/3\/revisions\/1343"}],"wp:attachment":[{"href":"https:\/\/pelotes-bobines-et-paillettes.fr\/index.php\/wp-json\/wp\/v2\/media?parent=3"}],"curies":[{"name":"wp","href":"https:\/\/api.w.org\/{rel}","templated":true}]}}